
Suppose -37 = -2*z - 25. Let f be ((-3)/(z/(-371)) - 1)*34. Suppose 5312 = 7*t - f. Is t a prime number?
False
Suppose 39*w = o + 42*w - 479650, -3*o + 9*w = -1438968. Is o a prime number?
False
Let v(d) = d**3 + 14*d**2 + 12*d + 17. Let h(w) = -2*w**3. Let b(m) = 2*h(m) + v(m). Is b(-6) a prime number?
True
Let m be 21 + 2/1 + 9/(-3). Suppose -10*k + m = -6*k. Suppose -k*w + 4*w = -737. Is w prime?
False
Let h(m) = m + 24. Let r be h(-9). Let b(p) = -117*p - 13*p - 226*p - r*p. Is b(-1) a prime number?
False
Is -3 - (-3 + 30185/(-10)*4) prime?
False
Suppose 5*c = -32881 + 100886. Let y(q) = -174*q + 5105. Let x be y(29). Suppose x - c = -6*b. Is b a prime number?
False
Suppose 5*j = 20, -z + 3*z + 3*j = 12. Let l = -17 - -19. Suppose -l*k + 3*k - 1987 = z. Is k composite?
False
Suppose 2*h = 2*p - 3*h - 1393402, 3*p - 2090065 = -2*h. Is p a composite number?
False
Is (51368/(-16))/(2/(-12)*1) a composite number?
True
Let x(a) be the first derivative of 5*a**3/3 - 5*a**2 - 14*a + 9. Let z(j) = 5*j**2 - 11*j - 13. Let g(y) = 3*x(y) - 2*z(y). Is g(-5) a prime number?
True
Suppose 0*x - 5851003 = -5*t - 4*x, -5*x = -4*t + 4680827. Is t prime?
True
Suppose 2*m - 45*i = 1348551 - 98527, 0 = i - 2. Is m a composite number?
False
Suppose -5*d - 20 = -n, 4*d + 12 = -0. Suppose -2*s = -0*s - 3*h - 4393, -5*h = n. Is s a composite number?
True
Suppose -22*h = 2*b - 17*h - 345419, h - 345399 = -2*b. Is b composite?
True
Let n(i) = -i**3 - 12*i**2 - 19*i - 77. Let d be n(-11). Suppose -16862 = -d*f - 2353. Is f prime?
True
Is 62 + -70 + (-2 - -3875) composite?
True
Suppose 11 = -2*x + 49. Suppose -x*l = -20*l + 37691. Is l prime?
True
Suppose 0 = -81*y + 80*y - 9. Is ((-1727)/(-3) + 2)/((-3)/y) prime?
True
Let m be ((-20)/3 + 2)/((-1)/3). Suppose 0 = -m*n + 11*n + 45. Is -5 + -9*(-1250)/n a composite number?
True
Is (((-2)/(-10))/(-1))/(1951/(-1222935575)) prime?
False
Suppose 5*i + 5*a - 35 = 0, 2*i = 5*a - a - 16. Suppose 4*s = i*s + 20. Suppose -x - 1598 = -2*t, -s*x + 7*x - 1606 = -2*t. Is t a prime number?
True
Let g(u) = 8 - 2 + 8*u - 1 + 819*u**2. Is g(-2) a composite number?
True
Suppose -44*q + 179933 = -94*q + 63*q. Is q prime?
True
Suppose -4*d - 897832 = -4*o, -3*o + 5*d + 989016 - 315648 = 0. Is o a prime number?
True
Let o(k) = 207*k + 956. Is o(49) composite?
True
Let t(n) = -4*n**2 + 11*n + 26. Let d(v) = -5*v**2 + 12*v + 27. Let s(r) = -3*d(r) + 4*t(r). Let x be s(10). Let h(i) = 35*i + 6. Is h(x) a composite number?
True
Suppose 8*u + 300 = 4*u. Let s = -79 - u. Is (-4 - -83)*s/(-1 + -3) prime?
True
Let w = -7793 + 4439. Let y = w - -5857. Is y composite?
False
Let s(x) = 573*x + 2339*x + 2432*x + 827 - 848. Is s(1) prime?
True
Let z(g) = 7*g**3 - 20*g**2 + 2*g - 8. Let d(q) = -13*q**3 + 41*q**2 - 3*q + 15. Let a be 14 - (4 + 0) - 4. Let s(b) = a*d(b) + 11*z(b). Is s(25) prime?
True
Let h be ((-6660)/24)/5*(-52)/6. Let b be 2 + -1 - (-538)/2. Let y = h - b. Is y a prime number?
True
Suppose 2*c = 5*n - 535153, 58*n - c = 63*n - 535156. Suppose -31*w + n = -300526. Is w prime?
True
Suppose 56*x - 50*x - 12 = 0. Suppose -x*i = 3*h - 22181, h - 4*i = -3*i + 7392. Is h a composite number?
False
Suppose 164*q - 1082495 = 49*q. Is q composite?
False
Is 12/(-24)*(-3317379 + -43) composite?
False
Let x be 4*(-4 + 6 + 0)/8. Is (-1 - -5) + x + 5292 prime?
True
Let d = 2235 - 5492. Let o = -1896 - d. Is o a prime number?
True
Let r = 1159 - -1899. Let l = -725 + r. Is l a prime number?
True
Let c = 17937 - -982. Is c prime?
True
Let o = -238 - -241. Suppose 0 = -f + o*b + 2533, -4*f + 5*f - 2517 = -b. Is f a prime number?
True
Suppose 7*v = 2*r + 11*v + 8, -3*r = -3*v - 15. Suppose 10657 = 2*o - 3*k, 5327 = 4*o - 3*o - r*k. Is o prime?
True
Is 17/(-680)*-30 - 1978130/(-8) a composite number?
True
Suppose -5*p + 17 = 7. Suppose -4*z + 9335 = 5*s, 3*s + p*z - 9325 = -2*s. Suppose -4*d + g = -1488, 2*g - s = -5*d + 4*g. Is d prime?
False
Suppose -540 - 125 = -5*p. Let q = -126 + p. Is ((-7204)/(-2))/(6/(-4 + q)) a prime number?
True
Suppose -3*n = -5*f + 2, f = 2*f - 1. Let b be n/6 + (-12811)/(-138). Suppose -3*d + 0*d + b = 0. Is d a prime number?
True
Let q = 9236 + 108113. Is q a prime number?
False
Let d(f) = f**2 + 4*f - 17. Let r be d(-5). Let m = 17 + r. Suppose -3*b = 5*v - 7555, 0 = -m*b - 0*b. Is v composite?
False
Suppose 2*j + 0 = -4, -r = -j + 3508. Let a = r - -14527. Is a a composite number?
True
Let h(v) = 59*v**2 - 30*v + 201. Let p be h(33). Suppose -p = -19*f - 23*f. Is f composite?
False
Let p = 27 - 31. Let x be 3*1 - ((-8)/p - 4). Suppose -w - 139 = -4*s, -x*w + 65 + 90 = 5*s. Is s composite?
True
Suppose 17 = w - 4*b, -4*w + 3*b = -14 - 15. Suppose 0 = 2*g + 4*t + 16, -3*g - w*t = -0*g + 24. Is ((-1346)/3)/(g/12) prime?
True
Let n(i) = 34*i + 1. Let l(f) = 37*f - 1. Let v(o) = 5*l(o) - 6*n(o). Let x = -2 - 6. Is v(x) a composite number?
True
Let f(y) = 11*y**2 - 3*y - 25. Let h(u) = 4*u - 185*u**2 + 180*u**2 - 3*u + 13. Let t(r) = -2*f(r) - 5*h(r). Is t(8) a composite number?
True
Let o = -42 + 34. Let u be (-6)/o - 531/36. Let t(s) = 4*s**2 + 6*s + 1. Is t(u) prime?
True
Let x be (4 - -1) + -6 + 9. Suppose -7407 = -x*i - 1391. Suppose 7*o = 2*c + 2*o - 397, 0 = 4*c + 4*o - i. Is c a prime number?
True
Let q(r) be the third derivative of -2*r**2 + 9235/6*r**3 + 0 - 3*r - 5/24*r**4. Is q(0) composite?
True
Suppose 23 = 5*k + 2*a, a + a + 17 = 3*k. Suppose 2*n = k*g - 7547, 11*g = 8*g - 4*n + 4549. Is g a prime number?
True
Let r = -28931 - -97858. Is r prime?
True
Let i(z) = -5*z**2 - 105*z - 15. Let p(w) = -15*w**2 - 313*w - 46. Let a(n) = 17*i(n) - 6*p(n). Is a(25) prime?
True
Let d(t) = 49*t**3 + 69*t**2 - 406*t - 71. Is d(20) composite?
False
Let k be ((-567333)/(-45) - 4) + 6/(-15). Is (-1)/(2 - 25209/k) composite?
False
Let j(o) = -o**3 + 8*o**2 - 3. Let h = 4 - -4. Let q be j(h). Let g(a) = -451*a + 8. Is g(q) composite?
False
Let i = 38 + -37. Let s be (i - -5) + 1 - 3. Suppose -4*p = 4*j - 2068, -s*p = -6*j + 5*j - 2058. Is p a prime number?
False
Suppose 794 = -4*c + 2*d, -6*d + 3*d - 417 = 2*c. Let b = c - -1520. Is b a composite number?
False
Is 2/(3/18118*(-148)/(-555)) prime?
False
Suppose 12*z + 150577 - 952667 = 147434. Is z a composite number?
True
Suppose 0*p + 22 = 22*p. Is (p + -5)/((-54665)/54613 + 1) composite?
False
Suppose 11*a - 11 = -0*a, -2*z - 2*a = -1107924. Is z a composite number?
False
Suppose -d = -i - 159810, -9*d + 13*d - 639242 = 2*i. Is d a prime number?
True
Suppose 9*b - 5555 = 2392. Let l = 2324 - b. Is l a prime number?
False
Suppose -5083 = -1027*k + 1010*k. Is k prime?
False
Suppose 0 = 278*b - 25907910 - 1397528. Is b prime?
True
Is 844302*-1*(4 - (-6 - (-61)/6)) prime?
True
Let x be 40/90 - 208/(-18). Suppose v - 5*v = -x. Suppose -v*l - 2393 = -7070. Is l prime?
True
Let k(m) = 1631 + 4*m + m**2 - 7*m + 2*m. Is k(0) a prime number?
False
Let l = 1685 + 2688. Suppose 15*z - 17*z + l = d, 3*z - 17512 = -4*d. Is d a prime number?
False
Is 4142800/112 - 16/56 a prime number?
False
Suppose 4*g + 22121 = 2*h - 87537, -219316 = -4*h + 4*g. Is h a prime number?
True
Suppose 5*c - 5534 = -j, 3*j = -4*c + 18039 - 1426. Is j a prime number?
False
Let l(r) be the third derivative of 0*r + 1/8*r**4 + 1/10*r**5 - 8*r**2 + 1/3*r**3 + 0. Is l(-13) a composite number?
False
Suppose -3*h + 4*q + 2486 = -q, -2*q = 8. Is (-78)/39*h/(-4) a composite number?
True
Suppose 4*p + 4*c - 1531856 = 0, 925*p - 1914817 = 920*p - 4*c. Is p a prime number?
True
Suppose 16*v - 1 = 17*v - a, -5*v - 1 = -4*a. Suppose -y - 7695 = 2*l - 4*l, -v*l + 11540 = y. Is l a prime number?
True
Let g(l) be the third derivative of -l**6/120 + 2*l**5/15 + l**4/3 + 2*l**3 - 7*l**2. Let n be g(9). Suppose -8*f - 41 = -a - n*f, 3*f = 3. Is a a prime number?
False
Is ((-18)/6 - -1)/(18/(-2868039)) composite?
False
Suppose 2336269 = 5*h - 6*f, -17*f - 467269 = -h - 12*f. Is h a prime number?
False
Let w(m) = 325*m**3 - 21*m**2 + 6*m + 23. Is w(6) a prime number?
False
Let p be (4/8*-2)/((-4)/12028). Let n = p - 5622. Let w = n + 3808. Is w a prime number?
True
Suppose -11*c + 530814 = 10*c - 647328. Is c composite?
True
Suppose 0 = 9*k + 20*k - 435. Suppose -36216 = -k*q + 5439. Is q a composite number?
False
Let s(d) = -d**2 + 13